
8
Calculate the greatest common divisor of 583 and 106.
53
What is the highest common divisor of 441 and 1125?
9
What is the greatest common factor of 930 and 10?
10
What is the greatest common factor of 1484 and 1166?
106
What is the greatest common divisor of 24 and 192?
24
What is the highest common factor of 114 and 12?
6
What is the greatest common divisor of 428 and 749?
107
What is the highest common factor of 1207 and 1349?
71
What is the highest common divisor of 722 and 152?
38
What is the highest common factor of 1035 and 69?
69
What is the highest common divisor of 96 and 444?
12
Calculate the highest common divisor of 3056 and 48.
16
Calculate the highest common divisor of 56 and 13580.
28
What is the highest common divisor of 388 and 291?
97
What is the highest common factor of 90 and 1170?
90
What is the greatest common factor of 3853 and 1?
1
What is the greatest common divisor of 407 and 4033?
37
Calculate the highest common divisor of 42 and 8106.
42
Calculate the highest common divisor of 5 and 11.
1
Calculate the highest common divisor of 72 and 240.
24
What is the highest common factor of 66 and 286?
22
What is the highest common factor of 52 and 4654?
26
Calculate the highest common divisor of 2368 and 444.
148
Calculate the highest common factor of 1480 and 40.
40
What is the greatest common factor of 482 and 11809?
241
What is the highest common divisor of 125 and 15?
5
Calculate the highest common divisor of 483 and 126.
21
Calculate the highest common divisor of 185 and 5.
5
Calculate the greatest common divisor of 4336 and 16.
16
Calculate the highest common divisor of 166 and 1577.
83
Calculate the highest common divisor of 261 and 29.
29
Calculate the highest common factor of 70 and 280.
70
What is the greatest common factor of 220 and 600?
20
Calculate the greatest common divisor of 1240 and 16.
8
What is the highest common factor of 1703 and 91?
13
What is the highest common factor of 2352 and 64?
16
What is the highest common factor of 804 and 16?
4
Calculate the highest common divisor of 30 and 3480.
30
Calculate the greatest common factor of 30 and 30.
30
What is the greatest common divisor of 3925 and 75?
25
What is the highest common factor of 23 and 5221?
23
What is the greatest common divisor of 132 and 7887?
33
Calculate the highest common divisor of 12 and 48.
12
Calculate the greatest common divisor of 78 and 2223.
39
Calculate the greatest common divisor of 352 and 3256.
88
What is the greatest common divisor of 147 and 11368?
49
What is the greatest common factor of 8540 and 35?
35
Calculate the highest common divisor of 6631 and 19.
19
What is the highest common divisor of 10741 and 276?
23
Calculate the greatest common factor of 12444 and 488.
244
Calculate the highest common factor of 110 and 590.
10
Calculate the greatest common divisor of 720 and 2520.
360
Calculate the highest common divisor of 73 and 365.
73
Calculate the greatest common divisor of 14 and 336.
14
Calculate the greatest common factor of 2358 and 18.
18
Calculate the highest common factor of 2471 and 70.
7
What is the highest common factor of 55 and 5863?
11
What is the greatest common divisor of 16 and 944?
16
What is the highest common factor of 529 and 23?
23
What is the highest common divisor of 360 and 135?
45
What is the highest common divisor of 420 and 2772?
84
What is the greatest common divisor of 4 and 16?
4
Calculate the highest common divisor of 2025 and 75.
75
Calculate the greatest common divisor of 621 and 92.
23
Calculate the greatest common factor of 37 and 2.
1
Calculate the greatest common factor of 7 and 616.
7
What is the highest common divisor of 1 and 27?
1
Calculate the highest common divisor of 24 and 3450.
6
Calculate the greatest common factor of 80 and 32.
16
What is the highest common divisor of 46 and 483?
23
What is the highest common factor of 2982 and 42?
42
What is the highest common factor of 70 and 30?
10
Calculate the greatest common factor of 1837 and 253.
11
Calculate the greatest common divisor of 45 and 29385.
45
What is the highest common divisor of 2425 and 275?
25
Calculate the highest common factor of 1335 and 105.
15
What is the greatest common divisor of 12 and 228?
12
Calculate the greatest common divisor of 1176 and 24.
24
Calculate the greatest common divisor of 36 and 816.
12
What is the highest common factor of 38 and 4351?
19
Calculate the greatest common factor of 182 and 1092.
182
Calculate the greatest common divisor of 375 and 3.
3
What is the greatest common factor of 384 and 120?
24
What is the highest common divisor of 847 and 77?
77
What is the highest common divisor of 20675 and 25?
25
What is the greatest common divisor of 832 and 112?
16
What is the greatest common factor of 1666 and 56?
14
Calculate the highest common factor of 403 and 93.
31
What is the greatest common factor of 198 and 108?
18
Calculate the highest common divisor of 125 and 215.
5
What is the greatest common divisor of 346 and 2?
2
What is the greatest common factor of 36 and 5067?
9
What is the highest common divisor of 5 and 190?
5
Calculate the highest common divisor of 1 and 3015.
1
What is the greatest common divisor of 9 and 267?
3
What is the highest common factor of 87 and 12963?
87
What is the greatest common factor of 450 and 50?
50
Calculate the greatest common factor of 1505 and 35.
35
What is the greatest common factor of 3144 and 36?
12
Calculate the highest common factor of 576 and 18.
18
What is the greatest common divisor of 1296 and 34128?
432
What is the greatest common factor of 73 and 803?
73
Calculate the greatest common divisor of 3538 and 232.
58
What is the greatest common factor of 222 and 348?
6
What is the highest common factor of 95 and 152?
19
Calculate the highest common factor of 1080 and 744.
24
What is the highest common divisor of 192 and 64?
64
Calculate the highest common factor of 16777 and 38.
19
What is the highest common factor of 13776 and 168?
168
What is the greatest common divisor of 35 and 553?
7
What is the greatest common divisor of 2580 and 1?
1
What is the greatest common factor of 16 and 400?
16
What is the greatest common factor of 2256 and 47?
47
What is the highest common divisor of 183 and 9?
3
Calculate the greatest common factor of 289 and 51.
17
Calculate the greatest common factor of 210 and 462.
42
Calculate the greatest common factor of 14 and 994.
14
Calculate the highest common factor of 511 and 949.
73
What is the highest common divisor of 70 and 126?
14
Calculate the highest common divisor of 7917 and 39.
39
What is the highest common divisor of 17 and 1819?
17
Calculate the greatest common divisor of 30058 and 38.
38
What is the greatest common factor of 225 and 825?
75
Calculate the greatest common factor of 820 and 73390.
410
What is the highest common divisor of 810 and 90?
90
What is the greatest common factor of 12 and 5982?
6
What is the highest common factor of 4576 and 364?
52
What is the highest common divisor of 930 and 50?
10
Calculate the highest common factor of 186 and 124.
62
Calculate the highest common factor of 57 and 49191.
57
Calculate the highest common divisor of 114 and 84.
6
What is the greatest common divisor of 40 and 136?
8
What is the greatest common divisor of 323 and 304?
19
What is the highest common divisor of 4 and 128?
4
Calculate the greatest common factor of 11778 and 156.
78
What is the greatest common divisor of 845 and 35?
5
What is the highest common divisor of 9 and 1452?
3
What is the highest common factor of 87 and 87?
87
What is the highest common factor of 87 and 232?
29
Calculate the highest common divisor of 230 and 70.
10
Calculate the greatest common factor of 10 and 9655.
5
What is the highest common divisor of 222 and 333?
111
What is the greatest common divisor of 406 and 261?
29
What is the highest common factor of 276 and 322?
46
What is the greatest common factor of 2849 and 154?
77
What is the highest common factor of 7310 and 645?
215
What is the greatest common divisor of 750 and 450?
150
What is the highest common factor of 308 and 112?
28
What is the greatest common factor of 590 and 2?
2
Calculate the greatest common factor of 185 and 1369.
37
Calculate the greatest